9.
-112
What is 229bb (base 13) in base 15?
13acb
What is 100021110 (base 3) in base 2?
1101001101010
What is -4436 (base 7) in base 8?
-3073
-45399 (base 10) to base 3
-2022021110
154345 (base 6) to base 12
89b5
-3a9 (base 11) to base 8
-742
What is -11011001001 (base 2) in base 10?
-1737
What is 27a (base 12) in base 5?
3012
What is 14415 (base 8) in base 12?
3865
8bc6 (base 15) to base 14
ab49
-20320 (base 4) to base 14
-2c8
What is -2021000 (base 3) in base 13?
-999
-48d (base 14) to base 6
-4113
Convert -23431 (base 5) to base 15.
-7b1
What is -14 (base 9) in base 8?
-15
Convert 2313000 (base 4) to base 8.
26700
What is 873 (base 9) in base 2?
1011001010
-21031 (base 5) to base 10
-1391
Convert -16312 (base 7) to base 4.
-1020013
Convert 23b3 (base 12) to base 5.
112043
What is -107 (base 16) in base 2?
-100000111
What is -315 (base 8) in base 16?
-cd
-722 (base 16) to base 14
-946
What is a80a (base 11) in base 12?
8328
4dd4 (base 16) to base 5
1114144
What is -4114 (base 13) in base 14?
-33b0
What is 12413 (base 5) in base 14?
503
315 (base 15) to base 16
2b7
Convert 13a94 (base 14) to base 11.
33688
40012 (base 6) to base 14
1c6c
What is 1386 (base 9) in base 4?
100122
Convert 2674 (base 8) to base 3.
2000101
What is -3112 (base 4) in base 3?
-21221
What is 412 (base 8) in base 12?
1a2
Convert -2c (base 14) to base 4.
-220
Convert 2937 (base 11) to base 5.
110131
Convert -399 (base 13) to base 4.
-21321
What is -312311 (base 5) in base 14?
-3a9d
-a6 (base 13) to base 2
-10001000
-122010 (base 3) to base 8
-716
What is -330002 (base 6) in base 4?
-12221102
87 (base 12) to base 16
67
-53205 (base 8) to base 10
-22149
What is -2eb (base 15) in base 8?
-1237
-77 (base 9) to base 4
-1012
21493 (base 11) to base 5
1444244
What is 353204 (base 6) in base 16?
7744
What is -100210210 (base 3) in base 4?
-1233231
Convert 2763 (base 9) to base 16.
822
Convert -13c (base 16) to base 10.
-316
What is -1011100111010 (base 2) in base 9?
-8136
-561 (base 10) to base 14
-2c1
111110010 (base 2) to base 9
613
-a44a (base 13) to base 2
-101100010110100
1110 (base 8) to base 6
2412
What is 18390 (base 10) in base 3?
221020010
Convert 24d2 (base 14) to base 7.
24552
-1b5 (base 12) to base 3
-101102
1644 (base 9) to base 10
1255
Convert 479 (base 15) to base 16.
3f6
Convert -5ab (base 14) to base 10.
-1131
1809 (base 14) to base 9
5831
-561 (base 12) to base 4
-30121
What is -30 (base 15) in base 9?
-50
-1073 (base 8) to base 3
-210011
151b (base 16) to base 10
5403
12703 (base 9) to base 13
3ba9
Convert 198a1 (base 12) to base 16.
92b9
-525 (base 6) to base 4
-3011
Convert 5e2 (base 16) to base 2.
10111100010
What is 405 (base 7) in base 12?
149
Convert 4ad4 (base 15) to base 7.
64333
Convert 3160 (base 8) to base 12.
b54
What is -213213 (base 4) in base 8?
-4747
What is -529 (base 13) in base 7?
-2365
Convert -7299 (base 14) to base 12.
-b507
What is -254 (base 13) in base 10?
-407
12002110 (base 3) to base 11
2874
-d35 (base 16) to base 5
-102011
What is 5db (base 14) in base 13?
6c3
Convert -1277 (base 8) to base 9.
-861
What is -1404 (base 7) in base 11?
-454
Convert 282 (base 12) to base 9.
468
-96 (base 10) to base 8
-140
-15b (base 16) to base 14
-1ab
Convert -20355 (base 8) to base 7.
-33401
2815 (base 9) to base 11
1658
Convert 449 (base 10) to base 9.
548
Convert -58a (base 11) to base 9.
-861
What is -a195 (base 12) in base 6?
-213105
Convert -6c91 (base 16) to base 13.
-c85c
Convert 3c1f (base 16) to base 9.
23101
What is -1a8a (base 11) in base 12?
-163b
1021101 (base 4) to base 3
20102200
What is -1136 (base 10) in base 11?
-943
What is 1323112 (base 4) in base 2?
1111011010110
Convert 210112 (base 3) to base 10.
581
What is -2340 (base 11) in base 7?
-11643
What is -100121100 (base 3) in base 12?
-4076
1a8 (base 15) to base 5
3013
Convert 5d7 (base 15) to base 13.
7b1
204306 (base 7) to base 10
35139
-1110111001 (base 2) to base 6
-4225
What is -2120212 (base 3) in base 8?
-3536
What is -4111 (base 5) in base 3?
-201200
What is -23042 (base 5) in base 12?
-b53
What is -b8b (base 14) in base 6?
-14315
Convert 104342 (base 5) to base 14.
14dc
What is 14773 (base 8) in base 16?
19fb
320132 (base 4) to base 7
13352
Convert -6919 (base 10) to base 4.
-1230013
-112220 (base 3) to base 9
-486
Convert 255 (base 13) to base 11.
341
Convert -1245 (base 7) to base 4.
-13122
-1341 (base 7) to base 15
-249
Convert -2007 (base 8) to base 6.
-4435
Convert -30770 (base 9) to base 2.
-100111101011001
8823 (base 14) to base 3
1012022021
Convert -489 (base 12) to base 7.
-1662
1351 (base 10) to base 4
111013
13873 (base 13) to base 5
2132343
212033 (base 4) to base 10
2447
What is ac6e (base 15) in base 9?
55125
Convert -6003 (base 8) to base 11.
-2346
What is -404 (base 10) in base 9?
-488
What is -7178 (base 10) in base 13?
-3362
What is -3063 (base 7) in base 14?
-56a
What is -10022200 (base 3) in base 14?
-c4d
What is -2351 (base 8) in base 2?
-10011101001
Convert 6801 (base 10) to base 7.
25554
-1342b (base 16) to base 10
-78891
Convert -14000 (base 9) to base 13.
-4410
-41b9 (base 14) to base 7
-45022
-97d7 (base 14) to base 4
-12122101
What is -13b8 (base 14) in base 3?
-11210102
What is -34326 (base 8) in base 9?
-21856
Convert 75023 (base 9) to base 3.
2112000210
Convert 5357 (base 9) to base 2.
111101100100
-2cc9 (base 13) to base 10
-6587
-110100011 (base 2) to base 15
-1ce
1063 (base 14) to base 9
3785
32331 (base 5) to base 3
10001002
-11320313 (base 4) to base 14
-8b0b
-20b4 (base 13) to base 10
-4541
Convert 388 (base 11) to base 16.
1cb
Convert -100110111101111 (base 2) to base 5.
-1114301
496 (base 10) to base 2
111110000
Convert 73b6 (base 13) to base 15.
4b40
What is -140202 (base 5) in base 13?
-2779
What is -125a (base 11) in base 5?
-23023
-55101 (base 6) to base 2
-1110110101101
Convert 22c1 (base 16) to base 8.
21301
121210 (base 3) to base 5
3303
What is 1008 (base 16) in base 12?
2460
Convert 451 (base 11) to base 9.
660
Convert 101 (base 15) to base 4.
3202
-144243 (base 5) to base 3
-22111120
5021 (base 10) to base 11
3855
11320 (base 4) to base 11
312
Convert -2116 (base 8) to base 3.
-1111211
-220100212 (base 3) to base 16
-4562
What is 15432 (base 10) in base 15?
488c
What is 4 (base 7) in base 8?
4
What is 3250 (base 8) in base 16?
6a8
What is -792c (base 15) in base 6?
-314540
-53000 (base 7) to base 3
-122212202
-93cd (base 14) to base 12
-128a1
What is 37206 (base 8) in base 4?
3322012
3410 (base 5) to base 7
1254
-31023213 (base 4) to base 14
-15967
Convert 193 (base 15) to base 9.
443
What is bd (base 16) in base 11?
162
Convert -321221 (base 4) to base 11.
-2854
Convert -38e6 (base 15) to base 3.
-121122200
Convert -171664 (base 8) to base 7.
-346614
Convert -154 (base 11) to base 2.
-10110100
-799 (base 11) to base 8
-1673
Convert 253 (base 16) to base 14.
307
210524 (base 6) to base 7
100456
18286 (base 12) to base 10
34950
What is 2756 (base 12) in base 9?
6183
What is 165 (base 15) in base 12?
228
What is 12263 (base 12) in base 6?
305403
What is -18a7 (base 12) in base 7?
-11524
What is -3122 (base 4) in base 9?
-262
Convert -112201202 (base 3) to base 5.
-320424
-10010221 (base 3) to base 9
-3127
-2055 (base 9) to base 14
-79a
Convert -212 (base 10) to base 8.
-324
What is -19a4 (base 14) in base 9?
-6338
Convert -31455 (base 7) to base 6.
-100010
What is 43a8 (base 16) in base 10?
17320
Convert 22324 (base 6) to base 8.
6114
-13081 (base 10) to base 4
-3030121
What is -3469 (base 13) in base 4?
-1302322
Convert -3403034 (base 5) to base 13.
-21288
-24b1 (base 16) to base 12
-5529
Convert 1011111010 (base 2) to base 10.
762
Convert -12310 (base 4) to base 5.
-3221
795 (base 11) to base 12
673
What is -48c (base 13) in base 3?
-1002100
Convert 2077 (base 9) to base 15.
6bd
What is -354505 (base 6) in base 14?
-b361
Convert 257 (base 14) to base 7.
1240
Convert 320 (base 5) to base 14.
61
What is -240 (base 16) in base 7?
-1452
What is -56124 (base 9) in base 11?
-26013
What is 202331 (base 4) in base 11?
1754
What is 354430 (base 6) in base 15?
9209
What is -567 (base 10) in base 11?
-476
What is 1080 (base 10) in base 16?
438
Convert 112001 (base 5) to base 12.
2395
111000000 (base 3) to base 7
36426
What is 360 